{"id":13,"date":"2025-03-24T20:45:27","date_gmt":"2025-03-25T01:45:27","guid":{"rendered":"https:\/\/dykdistribucion.com\/index.php\/contact-page\/"},"modified":"2025-06-28T11:55:16","modified_gmt":"2025-06-28T16:55:16","slug":"contact-page","status":"publish","type":"page","link":"https:\/\/dykdistribucion.com\/index.php\/contact-page\/","title":{"rendered":"Cont\u00e1ctenos"},"content":{"rendered":"\n<main class=\"wp-block-group is-layout-flow wp-container-core-group-is-layout-5e28f8c7 wp-block-group-is-layout-flow\" style=\"margin-top:0;margin-bottom:0;padding-top:0;padding-right:0;padding-bottom:0;padding-left:0\">\n<div class=\"wp-block-group alignfull has-ti-bg-alt-background-color has-background is-layout-constrained wp-container-core-group-is-layout-ca21e7af wp-block-group-is-layout-constrained\" style=\"margin-top:0;margin-bottom:0;padding-top:var(--wp--preset--spacing--80);padding-right:var(--wp--preset--spacing--40);padding-bottom:var(--wp--preset--spacing--80);padding-left:var(--wp--preset--spacing--40)\">\n<h1 class=\"wp-block-heading alignwide has-text-align-center\">Contacto<\/h1>\n<\/div>\n\n\n\n<div class=\"wp-block-group alignfull is-layout-constrained wp-container-core-group-is-layout-e1639f40 wp-block-group-is-layout-constrained\" style=\"margin-top:0;margin-bottom:0;padding-top:var(--wp--preset--spacing--80);padding-right:var(--wp--preset--spacing--50);padding-bottom:var(--wp--preset--spacing--80);padding-left:var(--wp--preset--spacing--50)\">\n<div class=\"wp-block-columns alignwide is-layout-flex wp-container-core-columns-is-layout-f5a44f5b wp-block-columns-is-layout-flex\">\n<div class=\"wp-block-column is-vertically-aligned-top is-layout-flow wp-container-core-column-is-layout-9f77543f wp-block-column-is-layout-flow\">\n<h2 class=\"wp-block-heading\">\u00bfPreguntas? Estamos para ayudarte<\/h2>\n\n\n\n<p style=\"text-decoration:underline\">\u00bfNecesitas m\u00e1s ayuda? Contacta:<\/p>\n\n\n\n<p>WhatsApp (849) 206-4778<\/p>\n\n\n\n<p>Tel\u00e9fono: (809) 379-5507<\/p>\n<\/div>\n\n\n\n<div class=\"wp-block-column is-layout-flow wp-block-column-is-layout-flow\" style=\"flex-basis:66%\">\n<div class=\"wp-block-group has-ti-bg-alt-background-color has-background is-layout-constrained wp-block-group-is-layout-constrained\" style=\"padding-top:var(--wp--preset--spacing--40);padding-bottom:var(--wp--preset--spacing--40)\">\n<details class=\"wp-block-details is-layout-flow wp-block-details-is-layout-flow\"><summary>Zonas y tiempo de entrega<\/summary>\n<p>En Santo Domingo en menos de 24 horas, alrededores m\u00e1ximo 48 horas.<\/p>\n<\/details>\n<\/div>\n\n\n\n<div class=\"wp-block-group has-ti-bg-alt-background-color has-background is-layout-constrained wp-block-group-is-layout-constrained\" style=\"padding-top:var(--wp--preset--spacing--40);padding-bottom:var(--wp--preset--spacing--40)\">\n<details class=\"wp-block-details is-layout-flow wp-block-details-is-layout-flow\"><summary>Horarios de atenci\u00f3n al cliente y entregas<\/summary>\n<p>Desde las 8:00 AM hasta las 17:00 PM.<\/p>\n<\/details>\n<\/div>\n\n\n\n<div class=\"wp-block-group has-ti-bg-alt-background-color has-background is-layout-constrained wp-block-group-is-layout-constrained\" style=\"padding-top:var(--wp--preset--spacing--40);padding-bottom:var(--wp--preset--spacing--40)\">\n<details class=\"wp-block-details is-layout-flow wp-block-details-is-layout-flow\"><summary>\u00bfPuede venir a visitarme un comercial?<\/summary>\n<p>Por supuesto, por favor utilice alguno de los medios de contacto para solicitar que uno de nuestros asesores pase a visitarle.<\/p>\n<\/details>\n<\/div>\n\n\n\n<div class=\"wp-block-group has-ti-bg-alt-background-color has-background is-layout-constrained wp-block-group-is-layout-constrained\" style=\"padding-top:var(--wp--preset--spacing--40);padding-bottom:var(--wp--preset--spacing--40)\">\n<details class=\"wp-block-details is-layout-flow wp-block-details-is-layout-flow\"><summary>\u00bfLa flota de transporte es propia ?<\/summary>\n<p>Si, todas nuestras entregas las realizan nuestros repartidores, debidamente identificados y en nuestros veh\u00edculos.<\/p>\n<\/details>\n<\/div>\n<\/div>\n<\/div>\n\n\n\n<div class=\"wp-block-group is-nowrap is-layout-flex wp-container-core-group-is-layout-6c531013 wp-block-group-is-layout-flex\">\n<figure class=\"wp-block-image size-full is-resized\"><img loading=\"lazy\" decoding=\"async\" width=\"630\" height=\"630\" src=\"https:\/\/dykdistribucion.com\/wp-content\/uploads\/2025\/03\/signal-2025-03-31-125810.jpeg\" alt=\"\" class=\"wp-image-309\" style=\"width:498px;height:auto\" srcset=\"https:\/\/dykdistribucion.com\/wp-content\/uploads\/2025\/03\/signal-2025-03-31-125810.jpeg 630w, https:\/\/dykdistribucion.com\/wp-content\/uploads\/2025\/03\/signal-2025-03-31-125810-300x300.jpeg 300w, https:\/\/dykdistribucion.com\/wp-content\/uploads\/2025\/03\/signal-2025-03-31-125810-150x150.jpeg 150w\" sizes=\"auto, (max-width: 630px) 100vw, 630px\" \/><\/figure>\n\n\n\n<figure class=\"wp-block-image size-large is-resized\"><img loading=\"lazy\" decoding=\"async\" width=\"1024\" height=\"768\" src=\"https:\/\/dykdistribucion.com\/wp-content\/uploads\/2025\/03\/signal-2025-03-31-125509-1024x768.jpeg\" alt=\"\" class=\"wp-image-316\" style=\"width:669px;height:auto\" srcset=\"https:\/\/dykdistribucion.com\/wp-content\/uploads\/2025\/03\/signal-2025-03-31-125509-1024x768.jpeg 1024w, https:\/\/dykdistribucion.com\/wp-content\/uploads\/2025\/03\/signal-2025-03-31-125509-300x225.jpeg 300w, https:\/\/dykdistribucion.com\/wp-content\/uploads\/2025\/03\/signal-2025-03-31-125509-768x576.jpeg 768w, https:\/\/dykdistribucion.com\/wp-content\/uploads\/2025\/03\/signal-2025-03-31-125509.jpeg 1280w\" sizes=\"auto, (max-width: 1024px) 100vw, 1024px\" \/><\/figure>\n<\/div>\n<\/div>\n\n\n\n<div class=\"wp-block-group alignfull has-ti-bg-alt-background-color has-background is-layout-constrained wp-container-core-group-is-layout-b42db63c wp-block-group-is-layout-constrained\" style=\"margin-top:0;margin-bottom:0;padding-top:var(--wp--preset--spacing--80);padding-right:var(--wp--preset--spacing--50);padding-bottom:var(--wp--preset--spacing--80);padding-left:var(--wp--preset--spacing--50)\">\n<div class=\"wp-block-group alignwide has-ti-fg-alt-color has-ti-bg-inv-background-color has-text-color has-background has-link-color wp-elements-369ee322d475fc0dfdde88af9f79fb5a is-layout-constrained wp-container-core-group-is-layout-94e519ba wp-block-group-is-layout-constrained\" style=\"border-radius:16px;padding-top:var(--wp--preset--spacing--80);padding-right:var(--wp--preset--spacing--40);padding-bottom:var(--wp--preset--spacing--80);padding-left:var(--wp--preset--spacing--40)\">\n<p class=\"has-text-align-center has-small-font-size\" style=\"font-style:normal;font-weight:600;text-transform:uppercase\">SOMOS TODO O\u00cdDOS<\/p>\n\n\n\n<p class=\"has-text-align-center has-medium-font-size\">Tu opini\u00f3n nos importa, la mejor publicidad es la que hacen los clientes satisfechos, y para nosotros, lograr la fidelidad de los clientes es vital.<\/p>\n\n\n\n<p class=\"has-text-align-center has-large-font-size\">(849) 206-4778<\/p>\n\n\n\n<div class=\"wp-block-buttons is-content-justification-center is-layout-flex wp-container-core-buttons-is-layout-a89b3969 wp-block-buttons-is-layout-flex\">\n<div class=\"wp-block-button is-style-outline is-style-outline--1\"><a class=\"wp-block-button__link wp-element-button\">Hablemos<\/a><\/div>\n<\/div>\n<\/div>\n<\/div>\n<\/main>\n","protected":false},"excerpt":{"rendered":"<p>Contacto \u00bfPreguntas? Estamos para ayudarte \u00bfNecesitas m\u00e1s ayuda? Contacta: WhatsApp (849) 206-4778 Tel\u00e9fono: (809) 379-5507 SOMOS TODO O\u00cdDOS Tu opini\u00f3n nos importa, la mejor publicidad es la que hacen los clientes satisfechos, y para nosotros, lograr la fidelidad de los clientes es vital. (849) 206-4778<\/p>\n","protected":false},"author":1,"featured_media":0,"parent":0,"menu_order":0,"comment_status":"closed","ping_status":"closed","template":"template-plain","meta":{"_themeisle_gutenberg_block_has_review":false,"_joinchat":[],"footnotes":""},"class_list":["post-13","page","type-page","status-publish","hentry"],"yoast_head":"<!-- This site is optimized with the Yoast SEO plugin v25.4 - https:\/\/yoast.com\/wordpress\/plugins\/seo\/ -->\n<title>Cont\u00e1ctenos - D&amp;K TENRA SRL<\/title>\n<meta name=\"description\" content=\"Contacto D&amp;K TENRA Contact\" \/>\n<meta name=\"robots\" content=\"index, follow, max-snippet:-1, max-image-preview:large, max-video-preview:-1\" \/>\n<link rel=\"canonical\" href=\"https:\/\/dykdistribucion.com\/index.php\/contact-page\/\" \/>\n<meta property=\"og:locale\" content=\"es_ES\" \/>\n<meta property=\"og:type\" content=\"article\" \/>\n<meta property=\"og:title\" content=\"Cont\u00e1ctenos - D&amp;K TENRA SRL\" \/>\n<meta property=\"og:description\" content=\"Contacto D&amp;K TENRA Contact\" \/>\n<meta property=\"og:url\" content=\"https:\/\/dykdistribucion.com\/index.php\/contact-page\/\" \/>\n<meta property=\"og:site_name\" content=\"D&amp;K TENRA SRL\" \/>\n<meta property=\"article:modified_time\" content=\"2025-06-28T16:55:16+00:00\" \/>\n<meta property=\"og:image\" content=\"https:\/\/dykdistribucion.com\/wp-content\/uploads\/2025\/03\/signal-2025-03-31-125810.jpeg\" \/>\n<meta name=\"twitter:card\" content=\"summary_large_image\" \/>\n<meta name=\"twitter:label1\" content=\"Est. reading time\" \/>\n\t<meta name=\"twitter:data1\" content=\"1 minuto\" \/>\n<script type=\"application\/ld+json\" class=\"yoast-schema-graph\">{\"@context\":\"https:\/\/schema.org\",\"@graph\":[{\"@type\":\"WebPage\",\"@id\":\"https:\/\/dykdistribucion.com\/index.php\/contact-page\/\",\"url\":\"https:\/\/dykdistribucion.com\/index.php\/contact-page\/\",\"name\":\"Cont\u00e1ctenos - D&amp;K TENRA SRL\",\"isPartOf\":{\"@id\":\"https:\/\/dykdistribucion.com\/#website\"},\"primaryImageOfPage\":{\"@id\":\"https:\/\/dykdistribucion.com\/index.php\/contact-page\/#primaryimage\"},\"image\":{\"@id\":\"https:\/\/dykdistribucion.com\/index.php\/contact-page\/#primaryimage\"},\"thumbnailUrl\":\"https:\/\/dykdistribucion.com\/wp-content\/uploads\/2025\/03\/signal-2025-03-31-125810.jpeg\",\"datePublished\":\"2025-03-25T01:45:27+00:00\",\"dateModified\":\"2025-06-28T16:55:16+00:00\",\"description\":\"Contacto D&K TENRA Contact\",\"breadcrumb\":{\"@id\":\"https:\/\/dykdistribucion.com\/index.php\/contact-page\/#breadcrumb\"},\"inLanguage\":\"es-DO\",\"potentialAction\":[{\"@type\":\"ReadAction\",\"target\":[\"https:\/\/dykdistribucion.com\/index.php\/contact-page\/\"]}]},{\"@type\":\"ImageObject\",\"inLanguage\":\"es-DO\",\"@id\":\"https:\/\/dykdistribucion.com\/index.php\/contact-page\/#primaryimage\",\"url\":\"https:\/\/dykdistribucion.com\/wp-content\/uploads\/2025\/03\/signal-2025-03-31-125810.jpeg\",\"contentUrl\":\"https:\/\/dykdistribucion.com\/wp-content\/uploads\/2025\/03\/signal-2025-03-31-125810.jpeg\",\"width\":630,\"height\":630},{\"@type\":\"BreadcrumbList\",\"@id\":\"https:\/\/dykdistribucion.com\/index.php\/contact-page\/#breadcrumb\",\"itemListElement\":[{\"@type\":\"ListItem\",\"position\":1,\"name\":\"Home\",\"item\":\"https:\/\/dykdistribucion.com\/\"},{\"@type\":\"ListItem\",\"position\":2,\"name\":\"Cont\u00e1ctenos\"}]},{\"@type\":\"WebSite\",\"@id\":\"https:\/\/dykdistribucion.com\/#website\",\"url\":\"https:\/\/dykdistribucion.com\/\",\"name\":\"D&K TENRA SRL\",\"description\":\"Distribuci\u00f3n en Rep\u00fablica Dominicana\",\"publisher\":{\"@id\":\"https:\/\/dykdistribucion.com\/#organization\"},\"potentialAction\":[{\"@type\":\"SearchAction\",\"target\":{\"@type\":\"EntryPoint\",\"urlTemplate\":\"https:\/\/dykdistribucion.com\/?s={search_term_string}\"},\"query-input\":{\"@type\":\"PropertyValueSpecification\",\"valueRequired\":true,\"valueName\":\"search_term_string\"}}],\"inLanguage\":\"es-DO\"},{\"@type\":\"Organization\",\"@id\":\"https:\/\/dykdistribucion.com\/#organization\",\"name\":\"D&K TENRA SRL\",\"url\":\"https:\/\/dykdistribucion.com\/\",\"logo\":{\"@type\":\"ImageObject\",\"inLanguage\":\"es-DO\",\"@id\":\"https:\/\/dykdistribucion.com\/#\/schema\/logo\/image\/\",\"url\":\"https:\/\/dykdistribucion.com\/wp-content\/uploads\/2025\/03\/logodyk150.png\",\"contentUrl\":\"https:\/\/dykdistribucion.com\/wp-content\/uploads\/2025\/03\/logodyk150.png\",\"width\":1103,\"height\":208,\"caption\":\"D&K TENRA SRL\"},\"image\":{\"@id\":\"https:\/\/dykdistribucion.com\/#\/schema\/logo\/image\/\"}}]}<\/script>\n<!-- \/ Yoast SEO plugin. -->","yoast_head_json":{"title":"Cont\u00e1ctenos - D&amp;K TENRA SRL","description":"Contacto D&K TENRA Contact","robots":{"index":"index","follow":"follow","max-snippet":"max-snippet:-1","max-image-preview":"max-image-preview:large","max-video-preview":"max-video-preview:-1"},"canonical":"https:\/\/dykdistribucion.com\/index.php\/contact-page\/","og_locale":"es_ES","og_type":"article","og_title":"Cont\u00e1ctenos - D&amp;K TENRA SRL","og_description":"Contacto D&K TENRA Contact","og_url":"https:\/\/dykdistribucion.com\/index.php\/contact-page\/","og_site_name":"D&amp;K TENRA SRL","article_modified_time":"2025-06-28T16:55:16+00:00","og_image":[{"url":"https:\/\/dykdistribucion.com\/wp-content\/uploads\/2025\/03\/signal-2025-03-31-125810.jpeg","type":"","width":"","height":""}],"twitter_card":"summary_large_image","twitter_misc":{"Est. reading time":"1 minuto"},"schema":{"@context":"https:\/\/schema.org","@graph":[{"@type":"WebPage","@id":"https:\/\/dykdistribucion.com\/index.php\/contact-page\/","url":"https:\/\/dykdistribucion.com\/index.php\/contact-page\/","name":"Cont\u00e1ctenos - D&amp;K TENRA SRL","isPartOf":{"@id":"https:\/\/dykdistribucion.com\/#website"},"primaryImageOfPage":{"@id":"https:\/\/dykdistribucion.com\/index.php\/contact-page\/#primaryimage"},"image":{"@id":"https:\/\/dykdistribucion.com\/index.php\/contact-page\/#primaryimage"},"thumbnailUrl":"https:\/\/dykdistribucion.com\/wp-content\/uploads\/2025\/03\/signal-2025-03-31-125810.jpeg","datePublished":"2025-03-25T01:45:27+00:00","dateModified":"2025-06-28T16:55:16+00:00","description":"Contacto D&K TENRA Contact","breadcrumb":{"@id":"https:\/\/dykdistribucion.com\/index.php\/contact-page\/#breadcrumb"},"inLanguage":"es-DO","potentialAction":[{"@type":"ReadAction","target":["https:\/\/dykdistribucion.com\/index.php\/contact-page\/"]}]},{"@type":"ImageObject","inLanguage":"es-DO","@id":"https:\/\/dykdistribucion.com\/index.php\/contact-page\/#primaryimage","url":"https:\/\/dykdistribucion.com\/wp-content\/uploads\/2025\/03\/signal-2025-03-31-125810.jpeg","contentUrl":"https:\/\/dykdistribucion.com\/wp-content\/uploads\/2025\/03\/signal-2025-03-31-125810.jpeg","width":630,"height":630},{"@type":"BreadcrumbList","@id":"https:\/\/dykdistribucion.com\/index.php\/contact-page\/#breadcrumb","itemListElement":[{"@type":"ListItem","position":1,"name":"Home","item":"https:\/\/dykdistribucion.com\/"},{"@type":"ListItem","position":2,"name":"Cont\u00e1ctenos"}]},{"@type":"WebSite","@id":"https:\/\/dykdistribucion.com\/#website","url":"https:\/\/dykdistribucion.com\/","name":"D&K TENRA SRL","description":"Distribuci\u00f3n en Rep\u00fablica Dominicana","publisher":{"@id":"https:\/\/dykdistribucion.com\/#organization"},"potentialAction":[{"@type":"SearchAction","target":{"@type":"EntryPoint","urlTemplate":"https:\/\/dykdistribucion.com\/?s={search_term_string}"},"query-input":{"@type":"PropertyValueSpecification","valueRequired":true,"valueName":"search_term_string"}}],"inLanguage":"es-DO"},{"@type":"Organization","@id":"https:\/\/dykdistribucion.com\/#organization","name":"D&K TENRA SRL","url":"https:\/\/dykdistribucion.com\/","logo":{"@type":"ImageObject","inLanguage":"es-DO","@id":"https:\/\/dykdistribucion.com\/#\/schema\/logo\/image\/","url":"https:\/\/dykdistribucion.com\/wp-content\/uploads\/2025\/03\/logodyk150.png","contentUrl":"https:\/\/dykdistribucion.com\/wp-content\/uploads\/2025\/03\/logodyk150.png","width":1103,"height":208,"caption":"D&K TENRA SRL"},"image":{"@id":"https:\/\/dykdistribucion.com\/#\/schema\/logo\/image\/"}}]}},"_links":{"self":[{"href":"https:\/\/dykdistribucion.com\/index.php\/wp-json\/wp\/v2\/pages\/13","targetHints":{"allow":["GET"]}}],"collection":[{"href":"https:\/\/dykdistribucion.com\/index.php\/wp-json\/wp\/v2\/pages"}],"about":[{"href":"https:\/\/dykdistribucion.com\/index.php\/wp-json\/wp\/v2\/types\/page"}],"author":[{"embeddable":true,"href":"https:\/\/dykdistribucion.com\/index.php\/wp-json\/wp\/v2\/users\/1"}],"replies":[{"embeddable":true,"href":"https:\/\/dykdistribucion.com\/index.php\/wp-json\/wp\/v2\/comments?post=13"}],"version-history":[{"count":0,"href":"https:\/\/dykdistribucion.com\/index.php\/wp-json\/wp\/v2\/pages\/13\/revisions"}],"wp:attachment":[{"href":"https:\/\/dykdistribucion.com\/index.php\/wp-json\/wp\/v2\/media?parent=13"}],"curies":[{"name":"wp","href":"https:\/\/api.w.org\/{rel}","templated":true}]}}